{"id":434,"date":"2016-06-07T12:04:30","date_gmt":"2016-06-07T10:04:30","guid":{"rendered":"http:\/\/xn--schreinerwerksttte-weber-4bc.de\/?page_id=434"},"modified":"2023-12-22T17:06:41","modified_gmt":"2023-12-22T15:06:41","slug":"wir-ueber-uns","status":"publish","type":"page","link":"https:\/\/xn--schreinerwerksttte-weber-4bc.de\/?page_id=434","title":{"rendered":"Wir \u00fcber uns"},"content":{"rendered":"<div id=\"pl-434\"  class=\"panel-layout\" ><div id=\"pg-434-0\"  class=\"panel-grid panel-no-style\" ><div id=\"pgc-434-0-0\"  class=\"panel-grid-cell\" ><div id=\"panel-434-0-0-0\" class=\"so-panel widget widget_sow-editor panel-first-child panel-last-child\" data-index=\"0\" ><div\n\t\t\t\n\t\t\tclass=\"so-widget-sow-editor so-widget-sow-editor-base\"\n\t\t\t\n\t\t>\n<div class=\"siteorigin-widget-tinymce textwidget\">\n\t<div><\/div>\n<\/div>\n<\/div><\/div><\/div><\/div><div id=\"pg-434-1\"  class=\"panel-grid panel-no-style\" ><div id=\"pgc-434-1-0\"  class=\"panel-grid-cell\" ><div id=\"panel-434-1-0-0\" class=\"so-panel widget widget_sow-editor panel-first-child panel-last-child\" data-index=\"1\" ><div\n\t\t\t\n\t\t\tclass=\"so-widget-sow-editor so-widget-sow-editor-base\"\n\t\t\t\n\t\t>\n<div class=\"siteorigin-widget-tinymce textwidget\">\n\t<h5>Tradition und Moderne \u2013 Ideen in Holz seit mehr als 60 Jahren<\/h5>\n<p>In unserer Werkstatt verbinden wir seit stolzen 75 Jahren Tradition mit innovativem Design. Hier entstehen nicht nur M\u00f6bel, sondern Geschichten. Jedes St\u00fcck, das unsere Werkstatt verl\u00e4sst, tr\u00e4gt die Handschrift unseres handwerklichen K\u00f6nnens und viel Liebe zum Detail.<\/p>\n<\/div>\n<\/div><\/div><\/div><\/div><div id=\"pg-434-2\"  class=\"panel-grid panel-no-style\" ><div id=\"pgc-434-2-0\"  class=\"panel-grid-cell panel-grid-cell-empty\" ><\/div><\/div><div id=\"pg-434-3\"  class=\"panel-grid panel-no-style\" ><div id=\"pgc-434-3-0\"  class=\"panel-grid-cell\" ><div id=\"panel-434-3-0-0\" class=\"so-panel widget widget_sow-headline panel-first-child panel-last-child\" data-index=\"2\" ><div\n\t\t\t\n\t\t\tclass=\"so-widget-sow-headline so-widget-sow-headline-default-e7f8f9f86564-434\"\n\t\t\t\n\t\t><div class=\"sow-headline-container \">\n\t\t\t\t\t\t<div class=\"decoration\">\n\t\t\t\t\t\t<div class=\"decoration-inside\"><\/div>\n\t\t\t\t\t<\/div>\n\t\t\t\t\t<\/div><\/div><\/div><\/div><\/div><div id=\"pg-434-4\"  class=\"panel-grid panel-no-style\" ><div id=\"pgc-434-4-0\"  class=\"panel-grid-cell panel-grid-cell-empty\" ><\/div><\/div><div id=\"pg-434-5\"  class=\"panel-grid panel-no-style\" ><div id=\"pgc-434-5-0\"  class=\"panel-grid-cell\" ><div id=\"panel-434-5-0-0\" class=\"so-panel widget widget_sow-editor panel-first-child panel-last-child\" data-index=\"3\" ><div\n\t\t\t\n\t\t\tclass=\"so-widget-sow-editor so-widget-sow-editor-base\"\n\t\t\t\n\t\t>\n<div class=\"siteorigin-widget-tinymce textwidget\">\n\t<h5>Schritt f\u00fcr Schritt zu Ihrem Wohntraum<\/h5>\n<h6>1. BERATUNG<\/h6>\n<p>Unsere Arbeit beginnt fast immer mit einem ausf\u00fchrlichen Beratungsgespr\u00e4ch. Dabei\u00a0z\u00e4hlen vor allem: Ihr pers\u00f6nlicher Geschmack und die gew\u00fcnschte Funktion und Ihr\u00a0Budget. Gerne begutachten wir danach die baulichen Gegebenheiten bei Ihnen Zuhause - um\u00a0so viel wie m\u00f6glich \u00fcber die Raumsituation und Ihren bisherigen Einrichtungstil zu\u00a0erfahren.<\/p>\n<h6>2. ENTWURF<\/h6>\n<p>Wir geben Ihren Ideen ein Gesicht. Von der Handskizze bis hin zu r\u00e4umlichen\u00a0Visualisierungen. Material und Farbkombinationen werden vorgeschlagen und\u00a0zusammengestellt. Damit Sie sich ein Bild machen k\u00f6nnen. Danach wird ein\u00a0individuelles Angebot erstellt. So haben Sie immer Kostensicherheit und wissen genau\u00a0was Sie bekommen.<\/p>\n<h6>3. PLANUNG<\/h6>\n<p>In der Planungsphase nehmen wir millimetergenau Ma\u00df. Gemeinsam mit Ihnen\u00a0entscheiden wir die finalen Werkstoffe und Materialien. Die detaillierte Zeichnungen\u00a0werden noch ein Mal mit Ihnen abgestimmt.<\/p>\n<h6>4.HERSTELLUNG<\/h6>\n<p>Erfahrene Facharbeiter k\u00fcmmern sich um Ihr Einrichtungsst\u00fcck. Deren handwerkliches\u00a0K\u00f6nnen verbinden wir mit modernster Fertigungstechnik - und schaffen f\u00fcr Sie Ihr ganz\u00a0pers\u00f6nliches M\u00f6belst\u00fcck.<\/p>\n<h6>5. MONTAGE<\/h6>\n<p>Ihr fertiges M\u00f6bel liefern wir nat\u00fcrlich sicher an Ort und Stelle. Wir montieren sorgf\u00e4ltig, sauber und z\u00fcgig in Ihren R\u00e4umen und wenn es notwendig sein sollte k\u00fcmmern wir uns auch um Wartung oder Reparaturen.<\/p>\n<\/div>\n<\/div><\/div><\/div><\/div><div id=\"pg-434-6\"  class=\"panel-grid panel-no-style\" ><div id=\"pgc-434-6-0\"  class=\"panel-grid-cell\" ><div id=\"panel-434-6-0-0\" class=\"so-panel widget widget_sow-editor panel-first-child panel-last-child\" data-index=\"4\" ><div\n\t\t\t\n\t\t\tclass=\"so-widget-sow-editor so-widget-sow-editor-base\"\n\t\t\t\n\t\t>\n<div class=\"siteorigin-widget-tinymce textwidget\">\n\t<h5>Innenr\u00e4umliche Planungarbeiten<\/h5>\n<p>Sie wissen noch gar nicht was Sie ver\u00e4ndern wollen? Sie sind unsicher was Ihrem\u00a0Zuhause oder Geweber\u00e4umen m\u00f6glich ist? Sie wollen eine ganzheitliche, konzeptionelle\u00a0Planung Ihrer R\u00e4ume? Unser angeschlossenes Planungsb\u00fcro \u00fcbernimmt gerne umfangreichere Planungsleistungen. Dort werden mit Ihnen gemeinsam komplette Entw\u00fcrfe\u00a0f\u00fcr Wohnr\u00e4ume, B\u00e4der und\u00a0K\u00fcchen erstellt,\u00a0Material- und Farbkonzepte komponiert, B\u00f6den, Stoffe und Wandbel\u00e4ge\u00a0bemustert und ausgesucht. Au\u00dferdem k\u00fcmmern sich unsere Spezialisten\u00a0um die\u00a0Beleuchtungsplanung und machen Vorschl\u00e4ge zur M\u00f6blierung. Ganz nach Ihren\u00a0W\u00fcnschen.<\/p>\n<p><a href=\"http:\/\/www.raumundinhalt.de\">www.raumundinhalt.de<\/a><\/p>\n<\/div>\n<\/div><\/div><\/div><\/div><div id=\"pg-434-7\"  class=\"panel-grid panel-no-style\" ><div id=\"pgc-434-7-0\"  class=\"panel-grid-cell\" ><div id=\"panel-434-7-0-0\" class=\"so-panel widget widget_sow-image panel-first-child panel-last-child\" data-index=\"5\" ><div\n\t\t\t\n\t\t\tclass=\"so-widget-sow-image so-widget-sow-image-default-d6014b76747a-434\"\n\t\t\t\n\t\t>\n\n<div class=\"sow-image-container\">\n\t\t<img src=\"https:\/\/xn--schreinerwerksttte-weber-4bc.de\/wp-content\/uploads\/2016\/06\/MG_1673-1.jpg\" width=\"1200\" height=\"800\" srcset=\"https:\/\/xn--schreinerwerksttte-weber-4bc.de\/wp-content\/uploads\/2016\/06\/MG_1673-1.jpg 1200w, https:\/\/xn--schreinerwerksttte-weber-4bc.de\/wp-content\/uploads\/2016\/06\/MG_1673-1-300x200.jpg 300w, https:\/\/xn--schreinerwerksttte-weber-4bc.de\/wp-content\/uploads\/2016\/06\/MG_1673-1-768x512.jpg 768w, https:\/\/xn--schreinerwerksttte-weber-4bc.de\/wp-content\/uploads\/2016\/06\/MG_1673-1-1024x683.jpg 1024w, https:\/\/xn--schreinerwerksttte-weber-4bc.de\/wp-content\/uploads\/2016\/06\/MG_1673-1-1000x667.jpg 1000w, https:\/\/xn--schreinerwerksttte-weber-4bc.de\/wp-content\/uploads\/2016\/06\/MG_1673-1-272x182.jpg 272w\" sizes=\"(max-width: 1200px) 100vw, 1200px\" title=\"_MG_1673\" alt=\"\" loading=\"lazy\" \t\tclass=\"so-widget-image\"\/>\n\t<\/div>\n\n<\/div><\/div><\/div><\/div><\/div>","protected":false},"excerpt":{"rendered":"<p>Tradition und Moderne \u2013 Ideen in Holz seit mehr als 60 Jahren In unserer Werkstatt verbinden wir seit stolzen 75 Jahren Tradition mit innovativem Design. Hier entstehen nicht nur M\u00f6bel, sondern Geschichten. Jedes St\u00fcck, das unsere Werkstatt verl\u00e4sst, tr\u00e4gt die Handschrift unseres handwerklichen K\u00f6nnens und viel Liebe zum Detail.<\/p>\n","protected":false},"author":1,"featured_media":0,"parent":0,"menu_order":0,"comment_status":"closed","ping_status":"closed","template":"templates\/template-full-no-title.php","meta":[],"_links":{"self":[{"href":"https:\/\/xn--schreinerwerksttte-weber-4bc.de\/index.php?rest_route=\/wp\/v2\/pages\/434"}],"collection":[{"href":"https:\/\/xn--schreinerwerksttte-weber-4bc.de\/index.php?rest_route=\/wp\/v2\/pages"}],"about":[{"href":"https:\/\/xn--schreinerwerksttte-weber-4bc.de\/index.php?rest_route=\/wp\/v2\/types\/page"}],"author":[{"embeddable":true,"href":"https:\/\/xn--schreinerwerksttte-weber-4bc.de\/index.php?rest_route=\/wp\/v2\/users\/1"}],"replies":[{"embeddable":true,"href":"https:\/\/xn--schreinerwerksttte-weber-4bc.de\/index.php?rest_route=%2Fwp%2Fv2%2Fcomments&post=434"}],"version-history":[{"count":33,"href":"https:\/\/xn--schreinerwerksttte-weber-4bc.de\/index.php?rest_route=\/wp\/v2\/pages\/434\/revisions"}],"predecessor-version":[{"id":831,"href":"https:\/\/xn--schreinerwerksttte-weber-4bc.de\/index.php?rest_route=\/wp\/v2\/pages\/434\/revisions\/831"}],"wp:attachment":[{"href":"https:\/\/xn--schreinerwerksttte-weber-4bc.de\/index.php?rest_route=%2Fwp%2Fv2%2Fmedia&parent=434"}],"curies":[{"name":"wp","href":"https:\/\/api.w.org\/{rel}","templated":true}]}}